)?
-26
Let j be ((-40)/(-8) - 9) + 3. Let b be j - (8/12)/((-6)/27). Let y(i) = i - 1. Let s(k) = -18*k + 8. Let g(x) = s(x) + 6*y(x). Calculate g(b).
-22
Let c(g) be the third derivative of g**6/120 + g**5/10 + 5*g**4/12 + 10*g**3/3 + 4822*g**2. Calculate c(-5).
-5
Let n(z) = 2 + 38*z - 2 - 3. Suppose -80*h = w - 78*h + 23, -w = -5*h + 2. Let y(s) = -13*s + 1. Let m(q) = w*y(q) - 6*n(q). Calculate m(1).
-6
Let t(d) = -d**3 - 6*d**2 + 10*d. Let r = 917 - 925. What is t(r)?
48
Let u(y) = 4*y + 42. Let f be u(-8). Suppose 2*z - f + 24 = 0. Let h(r) be the third derivative of r**5/60 + r**4/4 - 7*r**3/6 - r**2. Give h(z).
0
Let l(w) = 16*w**2 - 4*w. Let c(s) = 2*s**2 - 106*s + 1393. Let u be c(29). Determine l(u).
12
Suppose -n - 4 = -3*n. Let r = -16 - -19. Let m(g) = 2 + 12*g + g**r + 2 + 6*g**n + 0*g**3 - 7*g. What is m(-5)?
4
Let v(j) = j**3 + 5*j**2 - j - 5. Suppose 3*a - 97 = -253. Let c = 55 + a. Let k be 2 - 8 - c/(-3). Calculate v(k).
0
Let u = 50 + -58. Let f = -5 - u. Let i(n) = n**3 - 26*n + f + 6*n**2 + 15*n + 17*n. Calculate i(-5).
-2
Let f(w) = 7. Let q(o) = o**2 - 6*o - 3. Let d(i) = 3*f(i) - q(i). Give d(10).
-16
Let i(u) = -35*u**2 + 1. Let m(y) = -4*y**2 + 24*y + 27. Let d be m(7). Calculate i(d).
-34
Let c(i) = 5*i - 31. Suppose 379 = 29*d + 118. Calculate c(d).
14
Let b(u) = 4*u - 1. Let t = -36 + 33. Let d(j) = -11*j - 9. Let w be d(t). Suppose -4*g = 32 - w. Give b(g).
-9
Let m(w) = 3*w**3 - 4*w**2 + 3*w - 4. Suppose -19*g = -f - 18*g - 3, -4*f + 33 = 5*g. Determine m(f).
10
Let z(x) = x**2 - 3*x. Let r = -595 - -597. Suppose -3*g + r*j = -3*j + 8, j - 12 = -2*g. Determine z(g).
4
Let n(g) = 4*g - 1. Let q be n(1). Suppose 2974 = 4*t + 6*x - 4*x, 4*t - 2980 = -4*x. Let f(v) = 738*v - 1477*v + t*v. Calculate f(q).
9
Let t(z) = 2*z. Suppose 6*a = 3 + 15. Suppose a*c = 33 - 21. Suppose 3*o + 4*q = -2, -2*q = -o - 0 - c. What is t(o)?
-4
Let k(i) = i + 41. Let c(z) = 127*z + 106. Let j be c(-1). What is k(j)?
20
Suppose 71*k = 70*k + 5*u - 11, 4*k + 2*u + 44 = 0. Let d(l) = l + 3*l - 14 - 4*l - 2*l. Determine d(k).
8
Suppose h + 2*p = 76 - 78, 3*h + 3*p = 0. Let j(y) = 4*y**3 + 4*y**2 - 6*y + 2. Give j(h).
38
Let l be (-9)/(-10)*120/16 - (-537)/(-716). Let p(m) = 17*m - 102. Give p(l).
0
Let d(x) be the first derivative of -13*x**2 + 82*x + 5273. Give d(4).
-22
Let s(x) = 24418*x - 24425*x - 5*x**2 - 2 + 10 - 3*x**3. What is s(-4)?
148
Suppose -4*q = 3*g + 2*g - 12, 0 = 2*g + 2*q - 4. Let t be 0/((-2)/(-4)*g). Let f(x) be the third derivative of x**6/120 - x**4/24 + 1578*x**2. Determine f(t).
0
Let g(s) be the second derivative of -s**4/12 - 4*s**3/3 - 15*s**2/2 + 487*s. Calculate g(-3).
0
Let t be ((-4)/((-24)/9))/((-15)/(-20)). Let l(k) = -5*k - 1. Let f(o) = -7*o. Let z(y) = t*f(y) - 3*l(y). Calculate z(0).
3
Suppose -26*b - 20 = -31*b. Let d be (63/6)/7*b. Let n(i) = i**2 - 6*i + 5. Give n(d).
5
Let h be (-69)/12 + (-3 - 60/(-16)). Let v be ((-2)/3)/((-10)/75). Let w(p) = 3 + p**2 + v*p - 4 - 4 + 0*p. Determine w(h).
-5
Let h(g) = -g**2 + 9*g + 2. Suppose 3*r + 16 = -12*f + 13*f, -32 = -5*f + 3*r. Suppose f*c = 2*j - 18 + 64, c - 4*j = 29. Give h(c).
2
Let g(k) = -k**3 - 12*k**2 - 25*k + 11. Let f = 243 + -252. Give g(f).
-7
Let b(w) = -w - 2. Suppose -5*k - 405 = -5*p, -4*k - 15 = 1. Let n = 77 - p. Suppose -19 = -i + 4*i - 5*o, n = 2*i - 3*o + 13. Give b(i).
6
Let m(r) be the first derivative of -r**4/2 + 5*r**3 - r**2 - 31*r + 859. What is m(7)?
4
Let h(l) be the second derivative of l**5/20 - l**4/12 + l**3/6 + 9*l**2 - 171*l + 1. What is h(0)?
18
Let p(y) = y**3 - y**2 - y + 3. Let u(a) = -6*a**3 + 14*a**2 - 2*a + 1. Let t(q) = -5*p(q) - u(q). Determine t(4).
-68
Let p(l) = -l**3 + 4*l - 1. Let g(q) = -q**3 - 13*q**2 + 5*q - 53. Let k be g(-14). Let x = 76 - k. Give p(x).
-16
Suppose -f - 3*v + 17 = 0, 1 = -f - 5*v + 28. Suppose f*d + 2*d + 4 = l, 3 = 2*l - 3*d. Let q(n) = -n**3 - n + 11. Determine q(l).
11
Let x = -9657 + 9656. Let w(u) = 10*u**2 - 5*u - 4. Give w(x).
11
Let s(l) = -l**2 - 6*l + 9. Let x be s(-7). Suppose -x = c - 6. Let v(w) = -3*w**2 - 10*w + c*w + 13*w + 2 + 4*w**2. Calculate v(-4).
-10
Let w(g) be the first derivative of -g**3 + 6*g**2 + 3*g + 15. Let c be w(4). Let s(h) be the first derivative of h**2 - 2*h - 1. What is s(c)?
4
Let l = 74 - 84. Let f(v) = -6*v + v - 12 - v + 6*v - v. Calculate f(l).
-2
Let s be (-8)/(-12) - 1352/(-78). Let a(t) = -t**3 + 19*t**2 - 18*t + 8. Determine a(s).
8
Let f(b) = -130*b - 32. Let n(c) = -584*c - 128. Let p(h) = -9*f(h) + 2*n(h). What is p(-18)?
-4
Suppose 15*z = 774 + 501. Suppose 2*h - z = -83. Let i(c) = c**3 - 2*c**2 - c + 2. Give i(h).
0
Let r be 4/(12 - 4)*72. Suppose r*b - 210 = 41*b. Let j be (2/(-3))/((-4)/b). Let s(m) = m + 5. What is s(j)?
-2
Let n(b) = -b**2 - 138*b - 4089. Let y be n(-43). Let j(x) = -x**3 + x**2 + 13*x + 3. What is j(y)?
31
Suppose -7*y + 135 = 359. Let m = y - -38. Suppose -m*c - 14 = c. Let a(t) = t**3 + 2*t**2 + t - 1. What is a(c)?
-3
Suppose 2*j + 4*y + 231 = -73, -344 = 2*j - 4*y. Let p be (-6)/(-60) - j/(-20) - -4. Let a(n) = 8*n + 4. Calculate a(p).
-28
Let d = 6 - 3. Suppose 0 = -d*z + 8*z - 10. Let a(i) = -3*i + 2*i + 5*i**z + 9*i**2. Give a(1).
13
Let g(f) = -9*f - 13. Let x(b) = -16*b - 20. Let w(c) = 11*g(c) - 6*x(c). Give w(-19).
34
Let p(s) = -8*s**3 + 17*s**2 + 5*s + 58. Let x(g) = -3*g**3 + 6*g**2 + 2*g + 20. Let o(w) = 4*p(w) - 11*x(w). Calculate o(-4).
-12
Let c(m) be the second derivative of m**4/2 - m**3/6 + 3*m**2/2 - 678*m. Determine c(-2).
29
Let s(t) = -53*t**2 - 6*t - 3. Let g(m) = -26*m**2 - 2*m. Let p(z) = 2*g(z) - s(z). What is p(-1)?
2
Let k(j) = -41 - j - 23 + 75. Give k(3).
8
Let v(k) = 3*k + 3. Let q = 289 + -290. Let t be (70 + -69)/(q/(0 + -7)). What is v(t)?
24
Let w(b) = -b**2 - 7*b - 9. Let q = 34 - -26. Let y be 2/((-20)/54) + q/(-100). What is w(y)?
-3
Let l(d) = 54 + 115 - 59 - 182*d - 170*d + 370*d. What is l(-6)?
2
Let a(v) = -8*v + 6. Let r = -849 + 855. Let f(j) be the second derivative of -j**3/6 + j**2/2 + j. Let g(b) = r*f(b) - a(b). What is g(-2)?
-4
Let n(b) be the first derivative of -b**4/4 - 5*b**3/3 - 7*b + 101129. Suppose -5*i - 11 + 61 = 0. Let x = i + -15. Give n(x).
-7
Suppose -5*m + 1 = -3*u - 13, 0 = 5*m - 4*u - 12. Let b(z) = z**3 - 7*z**2 - 4*z + 2. Determine b(m).
-62
Let h(u) = u**2 - 39*u - 76. Let y(c) = -524*c + 1089. Let p be y(2). Give h(p).
6
Let k(h) = 3*h**2 + 26*h - 7. Let d be k(-9). Let j(b) = -8*b + 4 + 16 - 13 + 2*b**d. Calculate j(5).
17
Let b(o) = -7*o - 6 + 2*o - o**2 + 2. Suppose 0 = -10*r - 54 + 334. Let i = r - 32. Determine b(i).
0
Suppose q - 131 = 4*y - y, -5*q = -4*y - 171. Let g = y + 45. Let d(f) = -11*f + 22*f + g - 13*f. Give d(1).
-1
Let g be (9/6)/((-46)/12 - -4). Let f(t) = t**3 - 22 + 11 + 13*t - g*t**2 - 3*t. Let n be -86*2/(-20) + 18/(-30). Determine f(n).
5
Let g = 512 - 541. Let m(v) = 2*v**2 + 59*v + 18. Determine m(g).
-11
Suppose 120 = 12*k - 288. Let t = 41 + -41. Let v(w) = -36 + k + t*w + w. Calculate v(-5).
-7
Let z(n) = -10*n**3 - 28*n**2 - 11*n + 28. Let q(s) = -3*s**3 + 9 - 4*s + 5*s**2 - 4*s**2 - 2*s**2 - 8*s**2. Let u(a) = 7*q(a) - 2*z(a). Calculate u(-6).
7
Let g(a) = -8*a**2 + 85*a - 27. Let t(y) = -5*y**2 + 52*y - 13. Let b(d) = 3*g(d) - 5*t(d). Determine b(7).
-2
Let n(c) be the second derivative of -c**5/60 + c**4/4 + c**3/6 + 33*c**2/2 + 158*c. Let a(m) be the first derivative of n(m). Calculate a(6).
1
Suppose -65*s + 103 + 242 = -110. Let h(p) = 1 - 10 - 5*p + 3*p**2 - 2*p**2 - 3*p. Give h(s).
-16
Let g(a) be the first derivative of -4/3*a**3 + 15/2*a**2 + 16 - 1/4*a**4 + 14*a. Let b be g(-6). Let s(w) = -3*w - 4. What is s(b)?
8
Let y(x) = x**3 + 5*x**2 + 3*x - 1. Let h be 1*((-1)/(-2) - (-3)/2). Suppose -h*g = 4, -3*z + 4 - 7 = -3*g. Calculate y(z).
8
Let n(o) = 2*o**3 - 150*o**2 - 148*o - 305. Let k be n(76). Let x(l) be the second derivative of l**3/6 + l**2 + 2*l. Give x(k).
1
Suppose -5*h - 6167*n - 6 = -6164*n, 0 = -2*h + 4*n - 44. Let j(t) be the first derivative of -t**3/3 - 5*t**2/2 - 2*t - 2. Give j(h).
-8
Let s(x) = 103 - 4*x - 26*x - 110 + 3*x**2. Determine s(10).
-7
Suppose 61 - 27 = 2*h + 9*i, 5*h + i + 1 = 0. Let x(p) = 25*p + 18. What is x(h)?
-7
Let f(w) = -w**2 - 20*w - 34. Let s be f(-1